k**2 + 10*k + 9. What is b(12)?
-15
Let l(z) = 2*z**2 + 10*z - 27. What is l(-7)?
1
Let c(d) = -d**2 + 10*d + 7. Give c(11).
-4
Let o(i) = -7*i**2 + 5*i - 4. Give o(2).
-22
Let m(k) = -9*k**2 - 26*k - 10. What is m(-2)?
6
Let f(t) = t**2 - 84*t + 7. Calculate f(0).
7
Let s(u) = -10*u - 515. Calculate s(-50).
-15
Let i(f) = f**3 - 6*f**2 + 5*f. Determine i(4).
-12
Let i(s) = 2*s - 4. Calculate i(0).
-4
Let t(x) = x**3 - 10*x**2 + 20*x. Determine t(8).
32
Let y(r) = -r**2 - 12*r - 32. Give y(-10).
-12
Let p(o) = -o**3 + 19*o**2 - 18*o + 5. Calculate p(18).
5
Let y(a) = 2*a**3 + 27*a**2 - 12*a - 47. Give y(-14).
-75
Let c(r) = -r - 1. What is c(12)?
-13
Let c(t) = 5*t + 50. Determine c(-13).
-15
Let y(c) = c**3 + 9*c**2 + 10*c - 24. Determine y(-6).
24
Let o(u) = u**3 - 13*u**2 - 15*u + 6. Calculate o(14).
-8
Let j(x) = -12*x + 501. What is j(42)?
-3
Let l(k) = 33*k + 91. Calculate l(-3).
-8
Let z(o) = -3*o**2 + 87*o. Give z(29).
0
Let a(v) = -v**2 - 5*v + 20. Calculate a(3).
-4
Let g(y) = 5*y**2 + 4*y - 3. Calculate g(2).
25
Let g(w) = w**2 - 4*w + 11. Calculate g(6).
23
Let w(d) = d**3 - 8*d**2 + d - 17. Give w(9).
73
Let q(s) = -4*s + 13. What is q(2)?
5
Let p(n) = -5*n - 47. Determine p(-12).
13
Let w(o) = -2*o**2 - o + 810. What is w(20)?
-10
Let q(b) = -17*b**2 + 6*b - 7. What is q(1)?
-18
Let j(k) = -k**2 + 5*k + 6. Determine j(7).
-8
Let q(x) = -4*x + 20. Determine q(6).
-4
Let s(h) = -22*h - 117. What is s(-6)?
15
Let m(l) = 6*l**2 - 5*l - 6. Calculate m(-1).
5
Let f(m) = -177*m**3 + m**2. What is f(1)?
-176
Let b(u) = -10*u - 1. Give b(1).
-11
Let w(c) = 2*c**2 + 18*c - 6. What is w(-9)?
-6
Let w(r) = -22*r - 1584. Calculate w(-72).
0
Let h(o) = o**2 - 3*o - 4. Determine h(4).
0
Let r(p) = 210*p + 221. Give r(-1).
11
Let l(d) = d**3 + 9*d**2 - 13*d - 18. Give l(-11).
-117
Let y(x) = -4*x**3 + 3*x + 2. What is y(-2)?
28
Let n(w) = w**3 - w**2 - 2*w - 1. Determine n(0).
-1
Let f(y) = -2*y**2 + 7*y + 1. What is f(3)?
4
Let o(r) = 137*r + 136. Determine o(-1).
-1
Let z(t) = -t**2 - 28*t + 84. Calculate z(-31).
-9
Let s(c) = -5*c + 39. Give s(6).
9
Let j(b) = 8*b. Determine j(5).
40
Let j(y) = -y**2 - 19*y - 18. Calculate j(-17).
16
Let m(q) = -3*q**2 - 8*q + 2. Determine m(-6).
-58
Let l(s) = 3*s**2 - 29*s + 22. Calculate l(9).
4
Let k(r) = -r**2 + 11*r - 5. Give k(9).
13
Let c(j) = j**2 + 3*j + 3. Give c(-6).
21
Let t(x) = 4*x + 187. Calculate t(-49).
-9
Let r(n) = -4*n + 1. Give r(8).
-31
Let o(g) = 10*g**3 - g**2 - 3*g - 1. Calculate o(-1).
-9
Let w(c) = -3*c + 55. What is w(18)?
1
Let x(i) = i**3 + 17*i**2 - 15*i + 7. Determine x(-18).
-47
Let r(c) = -2*c - 9. Calculate r(12).
-33
Let t(q) = -q**3 - 5*q**2 + 7*q - 4. What is t(-6)?
-10
Let i(m) = -m**3 + 38*m**2 + 123*m. What is i(41)?
0
Let j(y) = -5*y**2 - 2*y + 1. Determine j(-2).
-15
Let p(v) = v**3 + 8*v**2 + 11*v + 4. Give p(-5).
24
Let p(u) = -u - 21. Determine p(3).
-24
Let h(w) = -w**3 + 55*w**2 - 51*w - 154. Determine h(54).
8
Let c(h) = 52*h**2 + 1. What is c(1)?
53
Let f(g) = -g**3 - 18*g**2 - 17*g + 14. Determine f(-17).
14
Let l(a) = a**2 + 9*a - 29. Determine l(-11).
-7
Let z(m) = -m**3 - 9*m**2 - 16*m - 73. Determine z(-8).
-9
Let u(x) = 2*x**2 - 4*x + 1. Give u(4).
17
Let f(y) = y**3 + 14*y**2 + 2*y - 6. What is f(-14)?
-34
Let o(a) = a**3 + 5*a**2 + a + 4. What is o(-5)?
-1
Let r(v) = v**3 - 7*v**2 - 19*v + 11. Determine r(9).
2
Let m(j) = j + 1. Give m(1).
2
Let p(n) = 11*n + 35. Determine p(-3).
2
Let m(f) = -f**3 - 10*f**2 - 3*f - 23. What is m(-10)?
7
Let h(t) = 59*t + 1. Determine h(-1).
-58
Let q(t) = -t**3 + 4*t**2 - 3*t - 5. Calculate q(5).
-45
Let r(z) = -2*z**2 - 2*z - 34. Give r(0).
-34
Let m(s) = -2*s**3 - 17*s**2 + 4*s - 17. Calculate m(-9).
28
Let w(j) = j**2 - 144*j + 429. Calculate w(3).
6
Let g(p) = p**3 - 20*p**2 - 118*p + 7. Calculate g(-5).
-28
Let u(s) = s**2 - 10*s - 8. Give u(10).
-8
Let t(k) = k**3 - 7*k**2 + 7*k + 6. Calculate t(6).
12
Let f(t) = t**3 - t**2 - 3*t - 2. Calculate f(-2).
-8
Let r(x) = x**3 - 5*x**2 - 4*x + 9. Determine r(6).
21
Let i(p) = -8*p + 257. Give i(31).
9
Let k(n) = -n**2 + 5*n + 2. Give k(6).
-4
Let k(i) = i**3 + 12*i**2 - 11*i + 5. Determine k(-13).
-21
Let f(x) = -x**3 + 2*x + 1. Give f(2).
-3
Let f(u) = -u - 11. Determine f(4).
-15
Let u(v) = 17*v**3 + v**2 + 2*v + 1. Determine u(-1).
-17
Let a(c) = c**3 + 11*c**2 + 11*c + 6. What is a(-10)?
-4
Let b(h) = 6*h + 145. Calculate b(-25).
-5
Let h(o) = o + 26. Calculate h(14).
40
Let y(d) = -4*d - 13. Calculate y(-6).
11
Let p(h) = -h**2 - 7*h - 7. Give p(-5).
3
Let z(l) = 3*l**2 - 23*l. What is z(10)?
70
Let h(c) = c**2 - 5*c - 20. Calculate h(7).
-6
Let h(a) = -2*a + 1. Calculate h(3).
-5
Let k(q) = 16*q**2 - 2*q - 1. Determine k(-1).
17
Let b(k) = k**3 - 9*k**2 - 4*k + 21. Determine b(9).
-15
Let z(h) = -5*h**2 - 11*h - 28. What is z(-5)?
-98
Let q(f) = f**2 - 17*f + 69. Determine q(7).
-1
Let z(c) = -2*c**3 - 2*c**2 + 12*c - 2. Calculate z(2).
-2
Let i(h) = 13*h**3 + h**2 + h - 1. What is i(1)?
14
Let m(p) = -p**3 - 9*p**2 + 13*p + 22. Determine m(-10).
-8
Let t(l) = l**2 - 7*l - 6. Give t(6).
-12
Let j(q) = -5*q - 16. Calculate j(-11).
39
Let q(h) = 36*h**2 + h. Determine q(1).
37
Let i(v) = -8*v**2 + 3*v - 10. Calculate i(2).
-36
Let z(s) = -s**2 + 15*s + 27. What is z(16)?
11
Let v(x) = 3*x**3 - 10*x**2 + x + 10. Give v(4).
46
Let k(l) = l - 10. Determine k(-7).
-17
Let d(h) = h**3 + 23*h**2 - 23*h + 21. Give d(-24).
-3
Let q(m) = 58*m - 341. What is q(6)?
7
Let m(r) = 2*r**2 - 6*r + 4. What is m(4)?
12
Let x(c) = -c**2 - 18*c - 82. What is x(-9)?
-1
Let r(w) = -w**3 + 7*w**2 - 5*w + 2. Determine r(6).
8
Let d(n) = 7*n + 13. What is d(-8)?
-43
Let z(g) = g**3 + 4*g**2 - 2*g - 7. Give z(-3).
8
Let t(w) = w**3 - 7*w**2 + 6*w. Give t(6).
0
Let f(y) = y**3 - 8*y**2 + y + 4. Give f(8).
12
Let i(o) = 2*o - 37. Determine i(18).
-1
Let z(k) = -2*k**2 - 8*k - 10. What is z(-7)?
-52
Let m(u) = -20*u + 4. Calculate m(5).
-96
Let k(u) = 6*u + 9. What is k(-6)?
-27
Let p(i) = -7*i - 13. What is p(3)?
-34
Let z(m) = -16*m + 24. Calculate z(-3).
72
Let m(v) = 19*v**3 - 2*v**2 + 1. Calculate m(-1).
-20
Let b(z) = z**3 + 11*z**2 + 9*z + 1. What is b(-10)?
11
Let o(g) = g**3 - 16*g**2 - 33*g - 37. Give o(18).
17
Let z(q) = -q**2 + 14*q - 6. Give z(12).
18
Let s(h) = 5*h - 4. Give s(2).
6
Let u(j) = -j**2 + 13*j - 12. Calculate u(5).
28
Let f(g) = -15*g**2 + 4*g + 5. Give f(-1).
-14
Let a(f) = -3*f**2 + 17*f + 23. Give a(7).
-5
Let q(y) = y**2 - 4*y - 63. What is q(11)?
14
Let u(v) = -3*v - 2. Calculate u(2).
-8
Let p(k) = k**2 + k - 8. Give p(-6).
22
Let k(j) = -j - 12. Give k(0).
-12
Let f(c) = 7*c**2 + 141*c + 18. What is f(-20)?
-2
Let f(o) = -3*o - 44. Give f(-16).
4
Let q(j) = -j**3 - 12*j**2 - 13*j - 14. Calculate q(-11).
8
Let y(w) = -w**2 - w + 12. What is y(0)?
12
Let c(h) = 5*h - 35. Determine c(7).
0
Let p(l) = l**3 + 18*l**2 + 18*l - 23. Give p(-17).
-40
Let y(k) = -9*k + 218. What is y(25)?
-7
Let y(q) = -q**3 + 11*q**2 - q + 5. Determine y(11).
-6
Let j(x) = x**2 + 15*x + 42. What is j(-6)?
-12
Let i(l) = -5*l - 47. Give i(-8).
-7
Let b(u) = u**3 + 9*u**2 + 7*u + 2. Determine b(-7).
51
Let n(v) = -v**2 - 3*v. What is n(-3)?
0
Let q(b) = -b**3 - 5*b**2 + 52*b - 6. Give q(5).
4
Let x(y) = -2*y - 6. Determine x(0).
-6
Let w(d) = -d**3 + 5*d**2 + d - 9. Give w(5).
-4
Let r(y) = -2*y**2 + 16*y - 12. What is r(10)?
-52
Let j(n) = 26*n**2. Determine j(-1).
26
Let i(r) = 3*r - 17. Give i(-5).
-32
Let a(o) = -2*o - 5. Give a(-4).
3
Let h(f) = -f**2 - 16*f - 11. What is h(-6)?
49
Let u(l) = -l**3 + 4*l**2 + 6*l + 9. Determine u(6).
-27
Let l(f) = 8*f**3 - f. Calculate l(-1).
-7
Let l(m) = 7*m**2 + 3*m - 1. Give l(1).
9
Let w(z) = -z**3 + 8*z**2 - 6*z - 3. Determine w(7).
4
Let f(o) = -2*o + 31. What is f(17)?
-3
Let l(j) = 2*j**2 - 13*j - 5. What is l(7)?
2
Let n(m) = m**2 + m + 4. What is n(-3)?
10
Let h(a) = 2*a**3 + 11*a**2 - 6*a + 15. What is h(-7)?
-90
Let t(d) = d**3 - 4*d**2 - 16*d - 8. Calculate t(8).
120
Let j(n) = -8*n + 27. Calculate j(3).
3
Let x(y) = -2*y**2 + y - 3. Determine x(2).
-9
Let c(o) = -o**3 - 4*o**2 + 25*o + 74. Calculate c(-6).
-4
Let y(v) = -v - 12. What is y(-2)?
-10
Let c(d) = d - 12. Give c(34).
22
Let c(t) = -t. Calculate c(3).
-3
Let x(h) = -